Let s(n) = n - 1. Let t(o) = q*s(o) + y(o). Calculate t(x).
-1
Let y(v) = -v**3 - 4*v**2 + v + 5. Let s be -4 - (-2 + -8 + -4). Let o(h) = -h**2 + 4*h + 24. Let d be o(s). Let q be (d/(-4))/3 - 7. What is y(q)?
1
Let p(j) = j**2 - 2*j - 1. Let l be (4 + (4 - 10))*(-65)/26. Give p(l).
14
Suppose 3 + 4 = -2*q - 3*z, 0 = -z - 3. Let i(x) = 2*x**2 + 8*x - 8. Let j(r) = -r**2 - r + 1. Let p(u) = q*i(u) + j(u). Let g = 225 + -232. Calculate p(g).
-7
Let s(k) = 2*k**2 + 4*k + 6. Let h be s(-7). Let z = h - 67. Let r(n) = -n**2 + 9*n + 3. Calculate r(z).
3
Let n(h) = -3*h**2 - 49. Let u(c) = -5*c**2 - 74. Let a(x) = 8*n(x) - 5*u(x). Determine a(5).
3
Suppose k = -4*k + 20. Suppose 0 = k*y - 1 - 7. Suppose -y*q - 10 = 0, q + 0 = -2*x + 1. Let d(o) = -o**3 + 2*o**2 + 3*o - 4. Give d(x).
-4
Suppose -3*z + 7 = 1. Let j(k) = 3*k**2 - 4*k**3 + 3 - 5*k**3 + z*k + 10*k**3. Let b = 4 + -6. Give j(b).
3
Let t(y) = -y**3 + 2*y**2 - 2*y + 1. Let n(i) = i**3 - 10*i**2 - i - 6. Let v(d) = n(d) + 2*t(d). Determine v(-5).
-4
Let d(u) = u**2 - 1. Let o(z) = -z**3 + z**2 + 7*z - 4. Let v(h) = -2*d(h) - o(h). Let g = 246 - 242. Determine v(g).
-6
Suppose -3 = 2*v + 15. Let o(p) be the second derivative of p**4/12 + 5*p**3/3 + 6*p**2 - 27*p. Let y be o(v). Let k(f) = -f**2 + 2*f - 2. Calculate k(y).
-5
Let j(l) = l**2 - 6*l - 12. Let y be 4/56 + (-444)/(-56). Determine j(y).
4
Let u(f) = -3*f - 5. Let q be (-266)/(-54) - (-20)/270. What is u(q)?
-20
Let w(j) = -3*j**2 + j - 1. Let n(q) = 4*q**2 + 3*q + 3. Let s(p) = n(p) + w(p). Let d be (5/2)/(2/(-4)). Determine s(d).
7
Let b(a) = a**2 + a + 4. Let p(o) = -o**2 + 321 + 0*o + 4*o - 324. Let w be 2*(-2 + (-2 - -6)). Let n be p(w). Calculate b(n).
10
Suppose -11*d = 108 - 86. Suppose -3 = 5*j - 13. Let c(m) = 1 - j - m + 2*m. What is c(d)?
-3
Suppose 0 = 5*m - 2 + 2. Let k(w) = 20*w - 35. Let y(j) = -7*j + 12. Let s(a) = 6*k(a) + 17*y(a). Determine s(m).
-6
Let p(v) = v**3 - 5*v**2 - 6*v + 2. Let d be p(6). Let t(c) = 4 + d + 4*c - 1 - 5*c. What is t(5)?
0
Let l(s) = -3*s - 3. Suppose -r + 2 = -2. Suppose 2*g + 1 = -5, -3*q = -r*g - 6. What is l(q)?
3
Let u(k) = -11*k - 3 + 7*k**2 + 21*k**2 + 3*k**3 - 7*k**2. Let p(r) = 2*r**3 + 11*r**2 - 5*r - 1. Let c(n) = 5*p(n) - 3*u(n). Give c(7).
11
Suppose 5*x - 4*l - 25 = 0, x + l + 3*l - 29 = 0. Let s be 75/3*4/10. Let v(g) = 2*g + x + g - s. Calculate v(1).
2
Let j(i) be the third derivative of -i**5/60 + i**4/24 + i**3 - 117*i**2. Let v be (-5)/(-10) - (-18)/4. What is j(v)?
-14
Let k(h) be the first derivative of 8 + 1/3*h**3 + 0*h + 3*h**2. Let i be 3*((-11)/3 + 2). Give k(i).
-5
Let x(c) be the second derivative of -c**3/6 - 5*c**2 + 221*c. What is x(-13)?
3
Let n = -17 + 29. Suppose 7 = 5*f + n. Let u(h) = 13*h**2 + h. Calculate u(f).
12
Suppose 6*i - 21 = 3. Suppose 5*t - 18 = i*u, 5*t - 19 = 2*u - 5. Let z(c) = c**2 + 1 + 0*c**2 - 4*c**2 + 2*c**2. Give z(u).
-3
Let r(m) be the third derivative of m**6/120 + m**5/6 + m**4/3 - 5*m**3/3 - 42*m**2. Give r(-9).
-1
Let n = 12 + -12. Let b(c) = n - 2 + 3 + c + c. What is b(-1)?
-1
Let n(a) = -13*a - 4. Let c be n(-2). Let u(g) = 11*g + 15*g - c*g. Calculate u(-1).
-4
Let w(o) = -o**3 + 5*o**2 - 2*o + 1. Let y be (40/(-48))/(5/(-30)). Determine w(y).
-9
Let b(m) be the first derivative of -m**3/3 + 7*m**2/2 - 200. Give b(8).
-8
Let r(k) = 13*k**3 + 2*k**2 + 2*k + 1. Suppose -2*c + 10 = 5*n, n - 2*c = -n + 4. Let a be 3/12 - 3/((-36)/69). Suppose 4 = n*t + a. Calculate r(t).
-12
Let y be (5 + 4)*1 - 5. Let a(t) = y*t**2 - 20 + 2*t - t**3 + 11 + 7. Give a(4).
6
Suppose -12 = -3*g + 132. Suppose -2*a + 5*p = 2*a + g, 3*a = -4*p - 5. Let n(s) = -2*s - 10. Give n(a).
4
Let k(l) be the first derivative of -2*l**2 - 2*l + 1. Let v = 23 + -18. Suppose 0 = v*i - 10*i - 10. Determine k(i).
6
Let b(f) be the third derivative of -f**6/120 - 2*f**5/15 - f**4/6 + 5*f**3/3 + 4*f**2 + 14*f. What is b(-7)?
-11
Let w(q) = 5*q + 4. Let m(v) = -9*v - 6. Let o(f) = 2*m(f) + 3*w(f). Give o(7).
-21
Let n(c) = -c**3 - c**2 + c + 1. Let k(t) = -8*t**2 + 0*t**2 + 1 + 7*t**2 - t**3 + t. Suppose -20 = -4*q - 8. Let f(p) = q*n(p) - 5*k(p). Determine f(-2).
-6
Let c(m) = 86*m**2 - m - 251*m**2 + 84*m**2 + 80*m**2 - m. Calculate c(0).
0
Let a = -60 - -102. Suppose 0*k + 3*k - 178 = -5*z, k + a = z. Let y(j) = j - 38 + z - 2*j. Calculate y(5).
-5
Let t(m) be the first derivative of -m**2 + m + 104. Let h = -6 - -1. Determine t(h).
11
Suppose 7*p = 18 + 10. Let z(k) = p*k**2 + 4*k + 2*k - 3*k**2 + k - 9. Calculate z(-7).
-9
Let y be (-40)/(-90) - 228/27. Let g(n) = -n**3 - 9*n**2 + n + 8. Determine g(y).
-64
Let k(a) = a**2 - 1. Let w = -21 - 8. Suppose z - 2*g - 15 = 2*g, g = -3*z + 84. Let t = w + z. Give k(t).
3
Let r(z) = -3 + 4*z + 44202*z**2 - 44203*z**2 + 6*z. Let y(x) = -x**2 - 9*x - 8. Let a be y(-6). Determine r(a).
-3
Let r(f) = -12*f**2 + 1. Let w be (-36)/32 - (-4)/32. What is r(w)?
-11
Suppose 2*v + 3 = 5*y + 6, -v + y = -3. Suppose v + 5 = g. Let a(s) be the third derivative of -s**6/120 + 2*s**5/15 + 3*s**4/8 + s**3 - s**2. What is a(g)?
6
Let y(u) = 2*u**2 - u + 4. Suppose 14*m - 36 = 26*m. Give y(m).
25
Let j be (-1*2 + 1)*1. Let t(l) be the first derivative of 5*l**4/4 + l**2 + l + 9. Calculate t(j).
-6
Let q(o) = 2*o + 2. Let p be -1 - (-260)/(7 - 3). Let l be p/11 - 12/(-66). Let k(i) = -i + 4. Let n be k(l). Give q(n).
-2
Suppose -5*c + 7 = 12. Let i = -4 + 4. Let x(m) = m**2 + 1 + 2*m + 0*m**3 + m**3 + i*m**3. Determine x(c).
-1
Let p = -7 + 10. Let y(n) = -n**2 + 4. Let k be y(p). Let s(v) = -v**3 - 4*v**2 + 3*v - 7. What is s(k)?
3
Let x(t) = -t**3 + 4*t**2 + 6*t + 2. Suppose -4*w + 3 = 19. Let l = w + 9. Give x(l).
7
Let f(r) = -r**2 + 7*r + 3. Suppose 0 = 3*x - 322 + 46. Let n = x - 85. Calculate f(n).
3
Let k(g) = -g + 1. Suppose 4*w - 2*w = -90. Let f = 67 + w. Let n = f - 18. What is k(n)?
-3
Let u(m) = -m**3 - 5*m**2 + 2*m - 4. Suppose 2 - 5 = -3*l + 3*a, 0 = 4*l - 5*a - 1. Let t be (-50)/10*-2*(-2)/l. Give u(t).
-14
Let n(k) = k - 13. Let t be n(13). Suppose t*o = -3*o - 6. Let y(b) be the first derivative of -b**4/4 + 3*b**2/2 + 2*b - 4. Calculate y(o).
4
Let l be 0 - 12/(-15) - (-24)/(-32). Let k(v) be the second derivative of 0 - 2/3*v**3 - 2*v**2 - l*v**5 - 4*v - 1/3*v**4. Calculate k(-3).
-1
Let v(y) = y**2 - 14*y + 26. Let j be v(12). Suppose 2*w + j = 3*w. Suppose 0 = 3*i + w*d - d - 6, 3*i - 5*d + 12 = 0. Let t(c) = 5*c**2 - 1. Determine t(i).
4
Suppose -s - 12 = -5*s. Let f(q) = s*q + 0*q + 0*q - 2*q. Suppose 11 = 4*n - 5*a + 2*a, 4*a + 3 = 3*n. What is f(n)?
5
Let y(k) = k + 1. Suppose 0 = -4*q - q. Suppose 2*j + q = 4. Determine y(j).
3
Suppose m + 1 = s, -5*s + 3*s + m + 2 = 0. Let o(u) = -19*u**2 - 10*u - 7. Let z(h) = -13*h**2 - 7*h - 5. Let w(f) = 5*o(f) - 7*z(f). Calculate w(s).
-5
Let d(t) = -2 + 7 - 3 - t. Suppose 0 = -3*u + 2*r - r - 10, 2*r + 7 = -3*u. Let w be -6*1*((-2)/u - 0). Give d(w).
6
Let i(n) = n**3 - n**2 + 1. Let o(m) = m**2. Let w(q) = -7*q**3 + 5*q**2 - 3. Let j(s) = 2*o(s) - w(s). Let p(l) = -2*i(l) + j(l). Give p(1).
5
Let l(g) = g**3 + 18*g**2 + 31*g - 11. Suppose 4*i + j + j + 72 = 0, -3*i = j + 52. Determine l(i).
5
Let d be 105/25 + (-1)/5. Suppose 2*n + d*y = -2, n + 0*y - 3 = -4*y. Let w(u) = u**2 + 4*u + 2. Calculate w(n).
7
Let l(m) be the first derivative of m**5/120 + m**4/12 - m**3/3 + 2. Let i(n) be the third derivative of l(n). Let s be 2*-2*5/(-4). Calculate i(s).
7
Let c(w) = -w**3 - 6*w**2 + 9*w + 4. Let i(j) = j**3 + 8*j**2 + 7*j + 7. Let p be i(-7). Suppose -2*o + 35 = -p*o. Determine c(o).
-10
Let j be 84/(-15) + 10/(-25) - -13. Let g(i) = -i**3 + 7*i**2 + 2*i + 6. What is g(j)?
20
Let s(h) = -6*h + 37. Suppose 577*l - 562*l - 90 = 0. Calculate s(l).
1
Suppose 36*f - 33*f = 573. Let o(x) = 7*x**2 - 384*x**3 + 192*x**3 - 6 + f*x**3. What is o(7)?
-6
Suppose 828 - 72 = -84*h. Let j(r) = r**2 + 10*r + 3. What is j(h)?
-6
Let x(h) = -h**3 + 7*h**2 - 8*h + 4. Suppose 138 + 0 = 3*c. Suppose 6*n + 4*q = n + c, 5*n + 3*q - 42 = 0. Let u be -3*(3 - n) + -3. Give x(u).
-8
Let s(c) be the first derivative of c**3/3 + 4*c**2 - 12*c + 108. What is s(-9)?
-3
Let t(k) = 2*k + 4. Suppose -21*i = -26*i + 20. Suppose -n + 28 = i*n - o, n - o = 4. Give t(n).
16
Let g(w) = w**3 - 12*w**2 + 11*